culate the highest common divisor of n and 15.
15
Let w be 1/((-6)/(3*-8)) - -568. Calculate the highest common factor of w and 44.
44
Suppose 4*z + 5*d - 100 = 2*z, d = 4. Suppose 0 = r, 0*r = 2*a - 4*r - z. What is the greatest common factor of a and 110?
10
Suppose -2*j - 45 - 43 = 0. Let l be (-184)/j - (-4)/(-22). What is the highest common factor of l and 2?
2
Let r be (-76)/(-14) + (0 - (-15)/(-35)). Let t be 0 - -17 - (-4 - -1). What is the highest common divisor of t and r?
5
Suppose 3*v - 5*p = 263, 2*v + 3*p = -2*v + 312. Suppose -4*k = -5*k + 12. Let m be k - 5/((-15)/(-9)). Calculate the highest common factor of m and v.
9
Let n be (-120)/(-25)*(78 - (-2)/1). Let l = n - 252. Calculate the highest common divisor of 22 and l.
22
Let v(h) = 36*h**2 + 27*h + 400. Let t be v(-11). What is the highest common factor of 13 and t?
13
Let x = 4 - -18. Let j = -14 + x. Suppose 20 = 4*y + j. Calculate the highest common divisor of y and 1.
1
Suppose 0 = 5*i - 418 - 382. Suppose -572*l + 200 = -562*l. What is the highest common factor of i and l?
20
Let h = -18 + 23. Suppose 0 = 2*c - 3*c - h*g + 52, -c = -3*g - 60. Let j = -91 + 129. Calculate the highest common factor of c and j.
19
Let h = 1059 + -1010. What is the greatest common divisor of h and 63?
7
Suppose 25 = -m - 4*m, 5*m - 195 = 4*v. Let p be 10/v - (765/(-33) - 1). Calculate the greatest common divisor of 6 and p.
6
Let d(y) = 8*y - 3. Let w(j) = 8*j - 3. Let q(i) = -5*d(i) + 6*w(i). Let v be q(3). What is the highest common factor of v and 3?
3
Suppose 11*n - 653 = -268. Calculate the greatest common factor of 280 and n.
35
Let d be (-2)/(-6) - 14/(-3). Suppose -5*a - 5*n = -60, -6 = -a + d*n + 30. Let j = -23 - -87. Calculate the greatest common factor of j and a.
16
Let i = 906 + -619. Calculate the highest common factor of i and 164.
41
Let g(m) = -m**2 - 7*m + 18. Let p be g(-4). Calculate the highest common factor of p and 42.
6
Let c = 255 + -250. What is the highest common factor of c and 235?
5
Let t(b) = b**2 + 3*b + 3. Let s be t(0). Let a = s + -2. Suppose k + a = 8. What is the greatest common divisor of 35 and k?
7
Let h be (-2301)/118*((-904)/6 - 0). Calculate the highest common factor of h and 26.
26
Let s be (-7)/((-77)/583) + -10. Calculate the highest common factor of 688 and s.
43
Let f(m) = -m**2 + 3*m + 21. Let g be f(10). Let d = g + 61. What is the highest common factor of 8 and d?
4
Let c be 56/16*60/21. Let p(q) = q**3 + 24*q**2 - 28*q + 15. Let t be p(-25). What is the highest common factor of c and t?
10
Let r be ((-22)/8)/((-6)/48). Suppose 3*x = 5*x - r. What is the greatest common divisor of 55 and x?
11
Suppose -196 = -22*n + 200. Calculate the highest common divisor of 6 and n.
6
Suppose y - 6*y = -355. Let r = y - 63. What is the highest common factor of r and 72?
8
Let n(m) = -3*m - 10. Let x be n(-6). Let g = -7 + 13. Let a(p) = p**3 - 4*p**2 - 9*p + 2. Let i be a(g). What is the greatest common factor of x and i?
4
Let o = -788 - -798. Suppose -d = 2*d. Suppose 0 = 3*n - d*n - 75. What is the highest common divisor of n and o?
5
Let m(b) = 2*b + 32. Let p be m(-5). What is the greatest common divisor of 176 and p?
22
Let b(u) = -2*u + 6. Let i be b(8). Let f = i - -16. Suppose 0 = 16*r + 16 - 80. Calculate the highest common factor of r and f.
2
Let f(c) = c**2 - 9*c - 25. Let v(a) = 5 + a**3 - 8*a - 4*a + 7*a**2 + 10*a. Let l be v(-7). Let r be f(l). Calculate the greatest common divisor of 15 and r.
15
Let q be -3 + 1 + (6 - 8). Let m be q/(-14) + 5/7. Let r be 1 - (189/(-72) + (-3)/8). What is the highest common divisor of r and m?
1
Let t be (-30)/75 - 38/5. Let r be (-12)/32 - 43/t. Suppose 141 = 3*p - 2*h, 2*p + 0*p - 3*h = 99. What is the greatest common divisor of r and p?
5
Let w = 526 + -500. What is the highest common divisor of w and 4?
2
Let j = -15 + 105. What is the highest common factor of j and 15?
15
Let k be (3/6 + 1)/(15/1400). Suppose r - 3*l - 25 = 0, 0 = -5*r - 2*l + 204 + 6. What is the greatest common divisor of r and k?
20
Suppose -7*f - 39 + 11 = 0. Let l be (8/(-12))/(f/42). Calculate the greatest common factor of 1 and l.
1
Let w = 77219 - 77215. Let d(h) = 2*h**2. Let g = -3 + 2. Let l be d(g). What is the highest common factor of w and l?
2
Let j = 7 + -7. Suppose -5*l - 10 + 30 = j. Suppose 3*d = 4*v - 4, -l*v - 2 = -6*v + 3*d. What is the greatest common factor of v and 3?
1
Suppose -3*p - 4 = -n, 0 = 5*p - 5*n - 7 - 3. Let a(d) = 4 - 9*d + 6*d - 2*d - 3*d. Let k be a(p). Calculate the highest common factor of k and 70.
14
Let n be ((-275)/(-150))/(-1 - 14/(-12)). Calculate the highest common divisor of 7 and n.
1
Let i be -5 + (-32)/(-208) + 1218/26. Calculate the highest common divisor of i and 12.
6
Suppose 2*d + n - 2208 = 0, 4*d + 37*n - 39*n - 4400 = 0. Calculate the greatest common divisor of 76 and d.
38
Suppose 14*i = -4*i + 72. Let p(t) = -1 - 6*t + 1 + 9*t**2 + 6. Let n be p(i). Calculate the highest common divisor of n and 14.
14
Let j(w) = w**3 - 28*w**2 - w + 31. Let g be j(28). Suppose g*m - 31 = 5. What is the greatest common divisor of 108 and m?
12
Suppose 25*o - 432 = 17*o. Calculate the greatest common divisor of o and 144.
18
Let u be 39/3 - 4/1. Suppose 0 = -3*z - u, -5*k + 207 = 4*z - 6. What is the greatest common divisor of 15 and k?
15
Suppose 0 = i - 3*i + 18. Let q(o) = 4*o + 184. Let v be q(-37). Calculate the highest common divisor of i and v.
9
Suppose 5*h = -2*z - z + 330, -4*z = 0. Suppose -4*i = -h - 6. What is the greatest common factor of 12 and i?
6
Let w(m) = -m**2 + 33*m - 32. Let r be w(31). What is the greatest common divisor of 970 and r?
10
Suppose 2*d + q - 40 - 13 = 0, q + 22 = d. Let g(c) = 16*c + 6. Let p be g(9). What is the greatest common divisor of d and p?
25
Suppose 3*c = 5*h - 148, -2*h - 2*c - 3*c + 84 = 0. Calculate the greatest common factor of h and 144.
16
Let h be 42/7*74/3. Suppose -9*y = -8*y - 4, h = 2*l - 2*y. What is the highest common divisor of 117 and l?
39
Let v = 802 + 703. What is the greatest common divisor of 43 and v?
43
Suppose t + 5*i = -2, -1 = -4*t - 2*i + 9. Suppose -t*p = -0*p - 18. Let f = -1265 + 1289. What is the greatest common factor of f and p?
6
Suppose 31*c - 4*r = 35*c - 2748, -5*r + 2057 = 3*c. What is the greatest common factor of 13 and c?
13
Suppose 0 = 4*o - o - 15. Suppose 5*c - 63 = -y, 315 = o*y + 3*c + c. Let a = 1 + 8. What is the greatest common factor of a and y?
9
Suppose -8 = -4*r + 4*c, 0*r - 38 = -3*r - 5*c. Suppose -r*v + 1282 = 202. Calculate the greatest common factor of 72 and v.
36
Suppose i + 3*f = 52 - 4, 0 = 3*f - 9. What is the highest common factor of i and 39?
39
Suppose z + 4*f - 8 = -0, 0 = -3*f. Let t be ((-4)/z)/((-1)/56). Let x = -15 + t. What is the highest common divisor of x and 52?
13
Let d be 539/(-245)*3*(-15)/9. Let v = 106 + -73. What is the greatest common factor of v and d?
11
Suppose 83*a - 81*a - 40 = 0. Suppose 0 = 5*o - 20, 0 = h - 6*h - 2*o + 33. Calculate the greatest common divisor of a and h.
5
Suppose 3*j + 4*i = 328, 0*i = -5*i - 10. Suppose 5*x - m + 33 - 271 = 0, 2*x + 2*m = 100. Let z = x + -34. Calculate the greatest common factor of z and j.
14
Let b(l) = 139*l**3 + 2*l**2 - 2*l - 1. Let u be b(1). What is the highest common factor of u and 322?
46
Let v be 6/9 - 410/(-15). Suppose 3*k + 2*k = 5*g + 200, 5*g - v = -k. What is the greatest common divisor of 38 and k?
38
Suppose -4*s = -5*s + 16. Suppose -5*j - 169 = -6*p + 3*p, 5*p - 5*j = 265. Calculate the greatest common factor of s and p.
16
Let l be (1/3 + -1)*(-2340)/312. What is the greatest common divisor of l and 275?
5
Let h be 4/(-12) - (-138)/9. What is the greatest common divisor of 5 and h?
5
Suppose 3*y = 2*j - 3*j + 17, -2*y + 2*j = -6. Suppose 0*s - s = w - 47, 0 = 3*w + y*s - 147. Let n = w - 23. Calculate the greatest common divisor of n and 3.
3
Suppose 0 = 9*z - 18700 - 8966. What is the greatest common factor of z and 106?
106
Let x = -95 - -98. Suppose -5*s = -2*p + 424, 0 = -x*p + 2*p - 3*s + 223. Let i be 2/(-8) + (-125)/(-4). What is the highest common factor of p and i?
31
Let s be ((-9)/6)/((-3)/92). Suppose 5*f + s = 4*l, l = -5*f + 14 + 10. Calculate the greatest common factor of 21 a